{"id":1023,"date":"2015-07-31T13:11:14","date_gmt":"2015-07-31T13:11:14","guid":{"rendered":"http:\/\/www.bytepix.de\/worp\/?page_id=1023"},"modified":"2015-08-14T10:14:38","modified_gmt":"2015-08-14T10:14:38","slug":"grenzenlos","status":"publish","type":"page","link":"https:\/\/bytepix.de\/worp\/grenzenlos\/","title":{"rendered":"Unlimited, grenzenlos"},"content":{"rendered":"<p>Die Zahl der Kunden und Galerien wird nur durch den vorhandenen Speicherplatz (Webspace) auf Ihrem Web-Server und die maximale Datenbankgr\u00f6\u00dfe begrenzt.<\/p>\n<p>Wie Sie es vielleicht bereits wissen, werden lediglich kleine Thumbnails und Voransichten in bytepix gespeichert. Deren Speicherbedarf h\u00e4ngt nat\u00fcrlich von Ihren Gr\u00f6\u00dfeneinstellungen ab. 0,15MB sind jedoch ein guter Mittelwert, so dass Sie bei 1 GB Webspace auf ca. 7000 Bilder kommen.<\/p>\n<p>Der Speicherbedarf der DB kann im Grunde nicht abgesch\u00e4tzt werden. Er h\u00e4ngt von der Zahl der Kunden, Bestellpositionen, Preislisten, Formaten, Bestellungen und Galerien ab. Deshalb nur ein Beispiel zur Orientierung:<br \/>\n100 Kunden, 500 Bestellpositionen, 10 Preislisten, 50 Galerien belegen ca. 0.5 MB.<br \/>\nBei durchschnittlich 1024MB gro\u00dfen Datenbanken w\u00e4re theoretisch Platz f\u00fcr das 2000 fache dieses Beispiels.<\/p>\n","protected":false},"excerpt":{"rendered":"<p>Die Zahl der Kunden und Galerien wird nur durch den vorhandenen Speicherplatz (Webspace) auf Ihrem Web-Server und die maximale Datenbankgr\u00f6\u00dfe begrenzt. Wie Sie es vielleicht bereits wissen, werden lediglich kleine Thumbnails und Voransichten in bytepix gespeichert. Deren Speicherbedarf h\u00e4ngt nat\u00fcrlich von Ihren Gr\u00f6\u00dfeneinstellungen ab. 0,15MB sind jedoch ein guter Mittelwert, so dass Sie bei 1 [&hellip;]<\/p>\n","protected":false},"author":1,"featured_media":1040,"parent":0,"menu_order":0,"comment_status":"open","ping_status":"open","template":"","meta":{"_genesis_hide_title":false,"_genesis_hide_breadcrumbs":false,"_genesis_hide_singular_image":false,"_genesis_hide_footer_widgets":false,"_genesis_custom_body_class":"","_genesis_custom_post_class":"","_genesis_layout":"","footnotes":""},"_links":{"self":[{"href":"https:\/\/bytepix.de\/worp\/wp-json\/wp\/v2\/pages\/1023"}],"collection":[{"href":"https:\/\/bytepix.de\/worp\/wp-json\/wp\/v2\/pages"}],"about":[{"href":"https:\/\/bytepix.de\/worp\/wp-json\/wp\/v2\/types\/page"}],"author":[{"embeddable":true,"href":"https:\/\/bytepix.de\/worp\/wp-json\/wp\/v2\/users\/1"}],"replies":[{"embeddable":true,"href":"https:\/\/bytepix.de\/worp\/wp-json\/wp\/v2\/comments?post=1023"}],"version-history":[{"count":1,"href":"https:\/\/bytepix.de\/worp\/wp-json\/wp\/v2\/pages\/1023\/revisions"}],"predecessor-version":[{"id":1024,"href":"https:\/\/bytepix.de\/worp\/wp-json\/wp\/v2\/pages\/1023\/revisions\/1024"}],"wp:featuredmedia":[{"embeddable":true,"href":"https:\/\/bytepix.de\/worp\/wp-json\/wp\/v2\/media\/1040"}],"wp:attachment":[{"href":"https:\/\/bytepix.de\/worp\/wp-json\/wp\/v2\/media?parent=1023"}],"curies":[{"name":"wp","href":"https:\/\/api.w.org\/{rel}","templated":true}]}}