{"id":641,"date":"2014-11-13T14:15:33","date_gmt":"2014-11-13T14:15:33","guid":{"rendered":"http:\/\/www.bytepix.de\/worp\/?page_id=641"},"modified":"2020-07-22T18:14:29","modified_gmt":"2020-07-22T18:14:29","slug":"system-voraussetzungen","status":"publish","type":"page","link":"https:\/\/bytepix.de\/worp\/produkt-ueberblick\/system-voraussetzungen\/","title":{"rendered":"Systemvoraussetzungen"},"content":{"rendered":"<p class=\"oben\">Bytepix wird auf Ihrem Web-Server installiert, also dort wo auch Ihre Homepage-Dateien liegen. \u00dcblicher Weise haben Sie Ihre Homepage im Rahmen eines Webhosting-Pakets bei einem Provider angemietet. Zum Betrieb von bytepix muss das Paket folgende F\u00e4higkeiten besitzen:<\/p>\n<ul>\n<li>PHP 5.6.x f\u00e4hige Web-Site, mit e-Mail Unterst\u00fctzung\n<ul>\n<li>PHP 7.0.x und PHP 7.1.x werden erst ab Version 3.1 von bytepix unterst\u00fctzt<\/li>\n<li>PHP 7.2.x ab Version 3.1.4<\/li>\n<li>f\u00fcr den Mail-Versand wird die PHP-Funktion mail() oder SMTP verwendet<\/li>\n<li>deaktivieren Sie bitte einen evtl. aktiven &#8220;strict-mode&#8221; von PHP<\/li>\n<\/ul>\n<\/li>\n<li>MySQL 5 Datenbank (Server-Vs. &gt; 5.1 und Vs. &lt; 5.7), die via PHP von Ihrem Web-Server erreichbar ist<\/li>\n<li>MySQL Server-Version 5.7 ab Version 3.1.5 von bytepix<\/li>\n<li>Internet-Verbindung und FTP Zugang (nur f\u00fcr die Installation) zu Ihrer Web-Site<\/li>\n<li>Zum Thema <strong>HTTPS<\/strong> lesen Sie bitte <a href=\"http:\/\/www.bytepix.de\/docu\/php_version.php\">hier<\/a><\/li>\n<\/ul>\n<p>Wir empfehlen Hosting Pakete mit dem Betriebsystem Linux zu w\u00e4hlen.<\/p>\n<p>Einige Homepage-Systeme erlauben es nicht Software dort zu installieren. D.h. auch bytepix darf nicht auf solchen Servern betrieben werden. Hierzu geh\u00f6ren z.B. Ringfoto <strong>&#8220;WebWorld&#8221;<\/strong>, <strong>WIX<\/strong> oder <strong>Jimdo<\/strong>.<br \/>\nF\u00fcr ca. \u20ac 4,- pro Monat k\u00f6nnen Sie sich in diesen F\u00e4llen bei vielen Providern ein geeignetes Hosting-Paket anmieten, dort bytepix installieren und mit Ihrer Homepage &#8220;verlinken&#8221;.<\/p>\n<p>Nat\u00fcrlich ben\u00f6tigen Sie au\u00dferdem einen PC mit Betriebsystem ab Win XP oder Mac OS X ab Vs. 10.8 und die Berechtigung zur Installation von zus\u00e4tzlicher Software.<\/p>\n<h3>WICHTIG!<\/h3>\n<p>Web- und FTP-Server arbeiten zusammen. So muss der Web-Server die Berechtigung besitzen via FTP hochgeladene PHP-Skripte auszuf\u00fchren, Dateien anzulegen und Verzeichnisse zu l\u00f6schen.\u00a0Au\u00dferdem muss der Web-Server via PHP die MySQL-Datenbank ansprechen k\u00f6nnen. Eine bereits bestehende MySQL-Datenbank kann mit genutzt werden (Tabellen-Pr\u00e4fixe).<br \/>\nW\u00e4hrend der Installation l\u00e4dt Ihr Web-Server von unserem die PHP-Skripte herunter aus welchen bytepix besteht. Dies muss das Firewall Ihres Providers zulassen.<\/p>\n<p class=\"greenbold\">Diese Voraussetzungen sind bei den meisten Providern erf\u00fcllt!<\/p>\n<h3>WICHTIG bei Installation in einer Subdomain!<\/h3>\n<p>Wenn Sie bytepix in einer sogenannten Subdomain installieren, also bspw. bytepix via kunden.ihredomain.de aufrufen wollen, dann achten Sie bitte darauf, dass die Subdomain <strong>nicht<\/strong> in den Ordner bytepix verweist, sondern in den Ordner, der den Ordner bytepix <strong>enth\u00e4lt<\/strong>.<\/p>\n<p>Unsere Software wird bei sehr vielen Providern v\u00f6llig problemlos eingesetzt, unter andern bei:<\/p>\n<p>Hosteurope: ab WebHosting <a href=\"https:\/\/www.hosteurope.de\/WebHosting\/\" target=\"_blank\" rel=\"noopener noreferrer\">&#8220;Basic&#8221;<\/a><br \/>\n(Geben Sie bei Hosteurope doch bitte unsere Kundennummer an: 279042)<\/p>\n<p>Strato ab Hosting <a href=\"http:\/\/www.strato.de\/hosting\/\" target=\"_blank\" rel=\"noopener noreferrer\">&#8220;Starter&#8221;<\/a><\/p>\n<p>1und1\/Ionos ab WebHosting <a href=\"https:\/\/www.ionos.de\/hosting\/webhosting\">&#8220;Essential&#8221;<\/a><\/p>\n<p>Wir empfehlen jedoch aus Geschwindigkeitsgr\u00fcnden ggf. ein &#8220;etwas gr\u00f6\u00dferes&#8221; Paket zu bestellen.<\/p>\n<h1>Speicherbedarf<\/h1>\n<p>Anstelle der Feindaten Ihrer Bilder werden auf Ihrem WebServer nur je ein Briefmarkenbildchen (Thumbnail) und eine gesch\u00fctzte Voransicht im Album gespeichert. Da Sie die Gr\u00f6\u00dfe und Kompression einstellen k\u00f6nnen, h\u00e4ngt der Speicherbedarf von Ihrer Wahl ab. Als Orientierung setzen wir 0.15 MB = 150 kB pro P\u00e4rchen (Thumbnail + Voransicht) an. Bei 1 GB WebSpace w\u00e4ren dies dann ungef\u00e4hr 7.000 Bilder.<\/p>\n","protected":false},"excerpt":{"rendered":"<p>Bytepix wird auf Ihrem Web-Server installiert, also dort wo auch Ihre Homepage-Dateien liegen. \u00dcblicher Weise haben Sie Ihre Homepage im Rahmen eines Webhosting-Pakets bei einem Provider angemietet. Zum Betrieb von bytepix muss das Paket folgende F\u00e4higkeiten besitzen: PHP 5.6.x f\u00e4hige Web-Site, mit e-Mail Unterst\u00fctzung PHP 7.0.x und PHP 7.1.x werden erst ab Version 3.1 von [&hellip;]<\/p>\n","protected":false},"author":1,"featured_media":0,"parent":2,"menu_order":4,"comment_status":"closed","ping_status":"closed","template":"","meta":{"_genesis_hide_title":false,"_genesis_hide_breadcrumbs":false,"_genesis_hide_singular_image":false,"_genesis_hide_footer_widgets":false,"_genesis_custom_body_class":"","_genesis_custom_post_class":"","_genesis_layout":"","footnotes":""},"_links":{"self":[{"href":"https:\/\/bytepix.de\/worp\/wp-json\/wp\/v2\/pages\/641"}],"collection":[{"href":"https:\/\/bytepix.de\/worp\/wp-json\/wp\/v2\/pages"}],"about":[{"href":"https:\/\/bytepix.de\/worp\/wp-json\/wp\/v2\/types\/page"}],"author":[{"embeddable":true,"href":"https:\/\/bytepix.de\/worp\/wp-json\/wp\/v2\/users\/1"}],"replies":[{"embeddable":true,"href":"https:\/\/bytepix.de\/worp\/wp-json\/wp\/v2\/comments?post=641"}],"version-history":[{"count":15,"href":"https:\/\/bytepix.de\/worp\/wp-json\/wp\/v2\/pages\/641\/revisions"}],"predecessor-version":[{"id":1505,"href":"https:\/\/bytepix.de\/worp\/wp-json\/wp\/v2\/pages\/641\/revisions\/1505"}],"up":[{"embeddable":true,"href":"https:\/\/bytepix.de\/worp\/wp-json\/wp\/v2\/pages\/2"}],"wp:attachment":[{"href":"https:\/\/bytepix.de\/worp\/wp-json\/wp\/v2\/media?parent=641"}],"curies":[{"name":"wp","href":"https:\/\/api.w.org\/{rel}","templated":true}]}}